t be g(7). Let p be (-1014)/t + (-1)/3. What is the greatest common divisor of p and 14?
14
Suppose 0 = 2*q + 3*v - 36, -3*v - 2*v + 52 = 3*q. Calculate the greatest common factor of q and 3.
3
Let r(c) = -c**3 + c**2 - 12. Let x be r(0). Let j be x/(-1)*16/24. Calculate the greatest common divisor of j and 12.
4
Let t(r) be the third derivative of r**6/120 - r**4/24 - 2*r**3/3 - 3*r**2. Let q be t(3). What is the highest common factor of 40 and q?
20
Let w(j) = 21*j - 6. Let n be w(6). Let g = -48 - -72. What is the highest common divisor of g and n?
24
Let i be (-1)/3 + 8/((-96)/(-100)). What is the greatest common divisor of i and 24?
8
Let m = -3 - -16. Suppose -y = -5*h - m - 8, 3*y - h = 35. What is the highest common divisor of 77 and y?
11
Let z = 9 - -11. What is the highest common divisor of 50 and z?
10
Let r(k) = -k**2 + 12*k + 8. Let a be r(6). Calculate the highest common divisor of a and 484.
44
Suppose v + g = -2*v + 1073, 0 = -3*v + 3*g + 1065. Calculate the highest common divisor of 21 and v.
21
Suppose z - 10 = -4. Let d = 0 - -4. Suppose 4*b + 4 = d*p, 2*p - b = 2 + 3. What is the greatest common factor of p and z?
2
Suppose 0 = b + 8 - 3. Let m(f) = 2*f**3 + 4*f**2 - 4*f + 2. Let x be m(b). Let q be 18/4*x/(-6). Calculate the greatest common divisor of 12 and q.
12
Let o be (-108)/30*(-4 + -1). Let n = 46 - o. Calculate the greatest common factor of n and 4.
4
Let z(u) = 2*u + 4. Let h be z(-4). Let g = 0 - h. Suppose -g*r + 2*y + y = -448, 2*y = 0. What is the greatest common divisor of r and 14?
14
Suppose -2*p = -1 - 11. Let w(r) = r**3 + 4*r**2 + 2*r - 1. Let a be w(-3). Suppose z + p = a*z. Calculate the greatest common divisor of z and 66.
6
Let w(r) = -r**3 - 7*r**2 - 5*r + 2. Let y be w(-6). Let t = -4 - y. Suppose 0 = -2*a - t*a + 72. Calculate the greatest common divisor of 18 and a.
18
Let q = -61 + 86. Let w = 40 - q. What is the highest common factor of w and 120?
15
Let s be (2/(-3))/((-2)/(-3)). Suppose 0*k + 1 = k, 6 = g + 4*k. Let f = s + g. What is the highest common factor of 11 and f?
1
Let u(j) = -2*j + 13. Let v be u(1). Calculate the highest common divisor of 88 and v.
11
Let o(b) = 15*b**3 - 2*b**2 - b + 4. Let v be o(3). Suppose v + 37 = 5*s. What is the highest common divisor of 34 and s?
17
Suppose -99 = -3*h - 2*z, -3*h + z = -4*z - 99. Suppose -t - 3*t + 12 = 0. What is the greatest common factor of t and h?
3
Let m = -8 - -28. What is the greatest common factor of m and 80?
20
Let x = -20 + 31. Let y(i) = -i**3 - 5*i**2 - 3*i + 5. Let f be y(-4). Calculate the highest common divisor of f and x.
1
Let u(n) = 162*n**3 - n + 1. Let r be u(1). Suppose 0 = 3*m - r - 102. Calculate the greatest common factor of m and 8.
8
Let s be 37*(16/(-24) + 28/6). What is the greatest common factor of 37 and s?
37
Suppose 0 = -3*t - o - 231, 0 = -3*t + 2*o + 76 - 316. Let h = -53 - t. Let x = 50 - h. What is the greatest common factor of 5 and x?
5
Suppose -2*t = -0*t + 38. Suppose -2*d = -w - 0*w + 101, 5*d = -w - 263. Let o = t - d. What is the greatest common factor of 22 and o?
11
Let m be (12/(-10))/(6/(-15)). Let q = 108 - 73. Suppose -5*k + q = g, 0*k = -k + m. Calculate the greatest common factor of 50 and g.
10
Let g be (-54)/(-2)*(-15)/(-45). Let d(k) = -k**3 - k**2 + 4*k + 1. Let v be d(-5). Calculate the highest common factor of g and v.
9
Suppose 0 = -5*r - 5*d + 3 + 2, 5 = 2*r - d. Suppose r*v + 2*v = 300. Let q be 0/(1 + 2) - -30. Calculate the highest common factor of q and v.
15
Let u = 5 - 4. Suppose -5*f - 30 = -3*t, -3*t - 4*f + u + 2 = 0. What is the greatest common divisor of 5 and t?
5
Suppose -2 = f, -2*k = 3*f - 7*f - 12. Suppose 0 = 2*z + w - k, 0 = 3*w + 2 + 4. Suppose -x = -z*x + 18. Calculate the greatest common factor of 144 and x.
18
Let n = -7 - -10. Suppose 3*l - 4*b - 29 = 0, -5*l + n*l + 1 = b. Calculate the greatest common divisor of 3 and l.
3
Let x(j) = j**2 - 17*j - 12. Let n be x(18). What is the greatest common factor of n and 78?
6
Suppose 3*b + 6 = b. Let i = 6 + b. Let x be 64 - (0/(-2))/i. What is the greatest common factor of x and 8?
8
Suppose 2*l - 6*l + 3*g = -111, 2*l = -4*g + 72. Calculate the highest common factor of l and 30.
30
Let c be -3 + 0/1 + 5. Let m be 2 - c - -2 - 0. Suppose 0 = 3*o - m*o - 6. What is the greatest common divisor of 30 and o?
6
Let j = -60 - -95. Calculate the highest common divisor of j and 7.
7
Let s(f) = -3 - 9*f - 1 + 2*f**2 - 3*f**2. Let y be s(-6). Suppose b = -2*l + y, -4*b = 3*l - b - 15. What is the greatest common factor of 36 and l?
9
Let h be (-72)/27*6/4 + 382. Calculate the highest common divisor of h and 42.
42
Suppose 2*o = c - 42, -4*o = -4*c - 32 + 204. Calculate the highest common factor of c and 11.
11
Let x(o) = 2*o**2 + o - 3. Let v be x(-2). Calculate the greatest common divisor of 3 and v.
3
Let u be (-44)/(-2)*(-4)/(-8). Suppose -u - 16 = -3*p. Suppose 0 = -7*y + 4*y + 18. What is the highest common divisor of y and p?
3
Let s = -27 + 43. What is the greatest common factor of 16 and s?
16
Let w = -3 - -1. Let j = 62 + w. What is the highest common factor of j and 15?
15
Let q(d) = -5*d + 7. Let s(o) = 6*o - 6. Let a(y) = 5*q(y) + 6*s(y). Let t be a(2). Calculate the greatest common divisor of 7 and t.
7
Suppose -8*u + 665 = -3*u. What is the greatest common divisor of u and 19?
19
Let g be 45*3/15*-2. Let s be (-7762)/g + 4/(-18). Let r be s/4 + 2/8. What is the highest common divisor of r and 12?
12
Let u = 14 - 8. Calculate the greatest common divisor of u and 6.
6
Let c be (-52)/10*(-4)/(16/10). Calculate the greatest common divisor of 13 and c.
13
Let k be ((-6)/(-10))/((-2)/(-10)). Let b be ((-3)/2)/(k/20). Let u be 50/(-5)*72/b. What is the highest common divisor of 9 and u?
9
Let b = -2 + 26. What is the highest common factor of 36 and b?
12
Let u = 6 - 3. Suppose -u*s = -3*k + k - 35, 4*s - 40 = -4*k. Calculate the highest common factor of s and 22.
11
Let q = 14 - 11. Suppose q*d - 3*o - 14 = 2*d, 0 = d - 2*o - 11. Let s be -6*(-5)/(-4)*-2. What is the highest common factor of d and s?
5
Let j be ((-2)/(-3))/((-4)/(-66)). Let h = j - 2. Suppose -2*s + 62 = -5*u, -3*s - 2*u - 22 = -134. What is the highest common factor of s and h?
9
Let n(y) = -y + 2. Let w be n(-3). Suppose -w*a + 44 = -a. What is the highest common divisor of a and 44?
11
Suppose -6*f + 8 = -5*f. Calculate the greatest common divisor of 16 and f.
8
Let j = 6 - -3. Let a = j - -4. Calculate the greatest common factor of 78 and a.
13
Let i(z) = 12*z + 7. Let r(l) = 11*l + 6. Let d(s) = 4*i(s) - 5*r(s). Let h be d(-1). Calculate the highest common factor of h and 5.
5
Suppose 2*w = 7*n - 3*n - 158, 3*w - 123 = -3*n. Calculate the highest common divisor of 20 and n.
20
Suppose 50 = 5*z + 15. Let h = z + -5. What is the highest common factor of 14 and h?
2
Let o = 50 - 3. What is the highest common divisor of 47 and o?
47
Let n = 24 + -21. Calculate the greatest common divisor of n and 15.
3
Let x(u) = 3*u - 2. Let q be x(5). Calculate the highest common factor of 104 and q.
13
Let z = 29 - -180. Let q(k) = 4*k - 1. Let v be q(5). What is the highest common divisor of z and v?
19
Let v be ((-24)/(-14))/(7/294). What is the greatest common factor of 9 and v?
9
Suppose -4*h + 54 = c - 71, 4*c - 526 = -3*h. What is the greatest common divisor of 19 and c?
19
Let l(d) be the third derivative of -d**5/60 + d**4/4 + d**3/6 - d**2. Let x be l(6). Let n = 393 + -390. Calculate the highest common factor of x and n.
1
Suppose -28 = -4*p + c + 11, 2*p = -2*c + 22. Let i be 23/(-2 - -3) + 2. What is the highest common divisor of p and i?
5
Let f be (0 + 12/5)/((-2)/(-5)). Calculate the highest common divisor of f and 2.
2
Let o(k) = -23*k - 1 - 5 - 4 + 6. Let u be o(-2). What is the greatest common factor of 28 and u?
14
Let s(q) = 0 + q + 1 + 0. Let j(m) = 29*m - 2. Let c(h) = j(h) - 2*s(h). Let g be c(3). Calculate the greatest common divisor of 7 and g.
7
Suppose 4*j + 4*u - 60 = 0, -j + 2*u - 2 + 5 = 0. Suppose 4*v - 184 = -4*p, -2*p - 3*v = -p - 50. What is the greatest common divisor of p and j?
11
Let l(f) = f**2 + f + 42. Let z be l(0). Suppose 4*n - 4*w - 76 = 0, 0 = 2*n + n + 2*w - 32. What is the highest common divisor of z and n?
14